{"id":9,"date":"2024-03-29T23:01:22","date_gmt":"2024-03-29T22:01:22","guid":{"rendered":"https:\/\/plavbylodou.eu\/?page_id=9"},"modified":"2024-03-30T21:18:48","modified_gmt":"2024-03-30T20:18:48","slug":"uvodna-stranka","status":"publish","type":"page","link":"https:\/\/plavbylodou.eu\/","title":{"rendered":"Vitajte na palube!"},"content":{"rendered":"\n<p>Sme radi, \u017ee ste si vybrali prave n\u00e1s.  <br>Prev\u00e1zdkujeme plavby 6 miestnym rekrea\u010dn\u00fdm plavidlom (\u010dlnom), nielen na Slovensku, ale takmer kdeko\u013ekek v Eur\u00f3pe.<br>\u0160pecializujeme sa na priv\u00e1tne plavby a v\u00fdletne plavby pre firmy a \u0161irok\u00fa verejnos\u0165. <\/p>\n\n\n\n<p><\/p>\n","protected":false},"excerpt":{"rendered":"<p>Sme radi, \u017ee ste si vybrali prave n\u00e1s. Prev\u00e1zdkujeme plavby 6 miestnym rekrea\u010dn\u00fdm plavidlom (\u010dlnom), nielen na Slovensku, ale takmer kdeko\u013ekek v Eur\u00f3pe.\u0160pecializujeme sa na priv\u00e1tne plavby a v\u00fdletne plavby pre firmy a \u0161irok\u00fa verejnos\u0165.<\/p>\n","protected":false},"author":1,"featured_media":0,"parent":0,"menu_order":0,"comment_status":"closed","ping_status":"closed","template":"","meta":{"footnotes":""},"class_list":["post-9","page","type-page","status-publish","hentry"],"yoast_head":"<!-- This site is optimized with the Yoast SEO plugin v22.3 - https:\/\/yoast.com\/wordpress\/plugins\/seo\/ -->\n<title>Vitajte na palube! - plavbylodou.eu<\/title>\n<meta name=\"robots\" content=\"index, follow, max-snippet:-1, max-image-preview:large, max-video-preview:-1\" \/>\n<link rel=\"canonical\" href=\"https:\/\/plavbylodou.eu\/\" \/>\n<meta property=\"og:locale\" content=\"sk_SK\" \/>\n<meta property=\"og:type\" content=\"article\" \/>\n<meta property=\"og:title\" content=\"Vitajte na palube! - plavbylodou.eu\" \/>\n<meta property=\"og:description\" content=\"Sme radi, \u017ee ste si vybrali prave n\u00e1s. Prev\u00e1zdkujeme plavby 6 miestnym rekrea\u010dn\u00fdm plavidlom (\u010dlnom), nielen na Slovensku, ale takmer kdeko\u013ekek v Eur\u00f3pe.\u0160pecializujeme sa na priv\u00e1tne plavby a v\u00fdletne plavby pre firmy a \u0161irok\u00fa verejnos\u0165.\" \/>\n<meta property=\"og:url\" content=\"https:\/\/plavbylodou.eu\/\" \/>\n<meta property=\"og:site_name\" content=\"plavbylodou.eu\" \/>\n<meta property=\"article:modified_time\" content=\"2024-03-30T20:18:48+00:00\" \/>\n<meta name=\"twitter:card\" content=\"summary_large_image\" \/>\n<script type=\"application\/ld+json\" class=\"yoast-schema-graph\">{\"@context\":\"https:\/\/schema.org\",\"@graph\":[{\"@type\":\"WebPage\",\"@id\":\"https:\/\/plavbylodou.eu\/\",\"url\":\"https:\/\/plavbylodou.eu\/\",\"name\":\"Vitajte na palube! - plavbylodou.eu\",\"isPartOf\":{\"@id\":\"https:\/\/plavbylodou.eu\/#website\"},\"datePublished\":\"2024-03-29T22:01:22+00:00\",\"dateModified\":\"2024-03-30T20:18:48+00:00\",\"breadcrumb\":{\"@id\":\"https:\/\/plavbylodou.eu\/#breadcrumb\"},\"inLanguage\":\"sk-SK\",\"potentialAction\":[{\"@type\":\"ReadAction\",\"target\":[\"https:\/\/plavbylodou.eu\/\"]}]},{\"@type\":\"BreadcrumbList\",\"@id\":\"https:\/\/plavbylodou.eu\/#breadcrumb\",\"itemListElement\":[{\"@type\":\"ListItem\",\"position\":1,\"name\":\"Domovsk\u00e1 str\u00e1nka\",\"item\":\"https:\/\/plavbylodou.eu\/\"},{\"@type\":\"ListItem\",\"position\":2,\"name\":\"Vitajte na palube!\"}]},{\"@type\":\"WebSite\",\"@id\":\"https:\/\/plavbylodou.eu\/#website\",\"url\":\"https:\/\/plavbylodou.eu\/\",\"name\":\"plavbylodou.eu\",\"description\":\"\",\"potentialAction\":[{\"@type\":\"SearchAction\",\"target\":{\"@type\":\"EntryPoint\",\"urlTemplate\":\"https:\/\/plavbylodou.eu\/?s={search_term_string}\"},\"query-input\":\"required name=search_term_string\"}],\"inLanguage\":\"sk-SK\"}]}<\/script>\n<!-- \/ Yoast SEO plugin. -->","yoast_head_json":{"title":"Vitajte na palube! - plavbylodou.eu","robots":{"index":"index","follow":"follow","max-snippet":"max-snippet:-1","max-image-preview":"max-image-preview:large","max-video-preview":"max-video-preview:-1"},"canonical":"https:\/\/plavbylodou.eu\/","og_locale":"sk_SK","og_type":"article","og_title":"Vitajte na palube! - plavbylodou.eu","og_description":"Sme radi, \u017ee ste si vybrali prave n\u00e1s. Prev\u00e1zdkujeme plavby 6 miestnym rekrea\u010dn\u00fdm plavidlom (\u010dlnom), nielen na Slovensku, ale takmer kdeko\u013ekek v Eur\u00f3pe.\u0160pecializujeme sa na priv\u00e1tne plavby a v\u00fdletne plavby pre firmy a \u0161irok\u00fa verejnos\u0165.","og_url":"https:\/\/plavbylodou.eu\/","og_site_name":"plavbylodou.eu","article_modified_time":"2024-03-30T20:18:48+00:00","twitter_card":"summary_large_image","schema":{"@context":"https:\/\/schema.org","@graph":[{"@type":"WebPage","@id":"https:\/\/plavbylodou.eu\/","url":"https:\/\/plavbylodou.eu\/","name":"Vitajte na palube! - plavbylodou.eu","isPartOf":{"@id":"https:\/\/plavbylodou.eu\/#website"},"datePublished":"2024-03-29T22:01:22+00:00","dateModified":"2024-03-30T20:18:48+00:00","breadcrumb":{"@id":"https:\/\/plavbylodou.eu\/#breadcrumb"},"inLanguage":"sk-SK","potentialAction":[{"@type":"ReadAction","target":["https:\/\/plavbylodou.eu\/"]}]},{"@type":"BreadcrumbList","@id":"https:\/\/plavbylodou.eu\/#breadcrumb","itemListElement":[{"@type":"ListItem","position":1,"name":"Domovsk\u00e1 str\u00e1nka","item":"https:\/\/plavbylodou.eu\/"},{"@type":"ListItem","position":2,"name":"Vitajte na palube!"}]},{"@type":"WebSite","@id":"https:\/\/plavbylodou.eu\/#website","url":"https:\/\/plavbylodou.eu\/","name":"plavbylodou.eu","description":"","potentialAction":[{"@type":"SearchAction","target":{"@type":"EntryPoint","urlTemplate":"https:\/\/plavbylodou.eu\/?s={search_term_string}"},"query-input":"required name=search_term_string"}],"inLanguage":"sk-SK"}]}},"_links":{"self":[{"href":"https:\/\/plavbylodou.eu\/index.php?rest_route=\/wp\/v2\/pages\/9","targetHints":{"allow":["GET"]}}],"collection":[{"href":"https:\/\/plavbylodou.eu\/index.php?rest_route=\/wp\/v2\/pages"}],"about":[{"href":"https:\/\/plavbylodou.eu\/index.php?rest_route=\/wp\/v2\/types\/page"}],"author":[{"embeddable":true,"href":"https:\/\/plavbylodou.eu\/index.php?rest_route=\/wp\/v2\/users\/1"}],"replies":[{"embeddable":true,"href":"https:\/\/plavbylodou.eu\/index.php?rest_route=%2Fwp%2Fv2%2Fcomments&post=9"}],"version-history":[{"count":9,"href":"https:\/\/plavbylodou.eu\/index.php?rest_route=\/wp\/v2\/pages\/9\/revisions"}],"predecessor-version":[{"id":84,"href":"https:\/\/plavbylodou.eu\/index.php?rest_route=\/wp\/v2\/pages\/9\/revisions\/84"}],"wp:attachment":[{"href":"https:\/\/plavbylodou.eu\/index.php?rest_route=%2Fwp%2Fv2%2Fmedia&parent=9"}],"curies":[{"name":"wp","href":"https:\/\/api.w.org\/{rel}","templated":true}]}}